{"id":87,"date":"2018-05-06T14:52:24","date_gmt":"2018-05-06T17:52:24","guid":{"rendered":"http:\/\/sementedossonhos.org\/wp\/?page_id=87"},"modified":"2023-03-25T18:52:23","modified_gmt":"2023-03-25T21:52:23","slug":"dicionario","status":"publish","type":"page","link":"https:\/\/sementedossonhos.org\/wp\/dicionario\/","title":{"rendered":"Dicion\u00e1rio: rumo \u00e0 civiliza\u00e7\u00e3o da religa\u00e7\u00e3o e ao bem-viver"},"content":{"rendered":"<p>Este dicion\u00e1rio \u00e9 uma cria\u00e7\u00e3o e constru\u00e7\u00e3o coletiva e colaborativa de textos curtos, com linguagem simples, observando tamb\u00e9m o rigor acad\u00eamico. Os verbetes, no momento, t\u00eam uma centralidade expressa no<a href=\"https:\/\/sementedossonhos.org\/wp\/bem-viver\/\"> Bem Viver<\/a>, ou em uma busca de refer\u00eancias \u00e9ticas, envolvendo a solidariedade, o cuidado, a sustentabilidade, a dignidade humana, entre outros temas que mant\u00eam \u00edntima rela\u00e7\u00e3o com a rever\u00eancia \u00e0 vida em todas as suas manifesta\u00e7\u00f5es.<br><\/p><figure class=\"wp-block-image alignleft size-medium\"><img loading=\"lazy\" decoding=\"async\" width=\"224\" height=\"300\" src=\"https:\/\/sementedossonhos.org\/wp\/wp-content\/uploads\/2023\/03\/capa-dicionario-224x300.png\" alt=\"Capa do Dicion\u00e1rio Rumo \u00e0 Civiliza\u00e7\u00e3o da Religa\u00e7\u00e3o e ao Bem-viver\" class=\"wp-image-812\" srcset=\"https:\/\/sementedossonhos.org\/wp\/wp-content\/uploads\/2023\/03\/capa-dicionario-224x300.png 224w, https:\/\/sementedossonhos.org\/wp\/wp-content\/uploads\/2023\/03\/capa-dicionario.png 480w\" sizes=\"auto, (max-width: 224px) 100vw, 224px\" \/><\/figure><p><strong>Dicion\u00e1rio: rumo \u00e0 civiliza\u00e7\u00e3o da religa\u00e7\u00e3o e ao bem viver<\/strong><br><br><br><strong>Organizadores:<\/strong><br>Rosamaria de Medeiros Arnt e Paula Pereira Scherre<br><br>Editora: EdUECE<br><br><strong>\u00c1rea:<\/strong><br>Educa\u00e7\u00e3o e cultura<br><br><strong>ISBN:<\/strong><br>978-85-7826-802-2<br><br><strong>Download:<\/strong><a rel=\"noreferrer noopener\" href=\"https:\/\/www.uece.br\/eduece\/wp-content\/uploads\/sites\/88\/2021\/12\/Dicion%C3%A1rio-rumo-%C3%A0-civiliza%C3%A7%C3%A3o-da-religa%C3%A7%C3%A3o-e-ao-bem-viver-Vers%C3%A3oFinal.pdf\" target=\"_blank\"><br>Clique aqui para fazer o download<\/a><br><br><strong>Sinopse:\u00a0<\/strong>A obra inspira-se no \u201cbem viver\u201d, termo dos povos ind\u00edgenas andinos que se refere a uma forma de viver que se cuide da vida, em todas as suas formas, e do ser humano em harmonia com a natureza. Tamb\u00e9m traz um convite ao di\u00e1logo intercultural e m\u00faltiplo, num contraponto ao sistema econ\u00f4mico capitalista que se mostrou tamb\u00e9m insustent\u00e1vel. A ideia de um dicion\u00e1rio surge da possibilidade de jun\u00e7\u00e3o din\u00e2mica, flex\u00edvel e aberta das contribui\u00e7\u00f5es de diferentes pesquisadores, de diferentes especialidades e \u00e1reas de conhecimento. \u00c9 um exerc\u00edcio de liberdade e de acolhimento aos m\u00faltiplos formatos de escrita, tamb\u00e9m respeitando a l\u00edngua materna, e de criar e fazer parte de uma rede.<\/p><p>Informamos que o conte\u00fado do site, no geral, e do dicion\u00e1rio em espec\u00edfico, est\u00e3o regidos sob a seguinte licen\u00e7a:<\/p><figure class=\"wp-block-image aligncenter\"><img loading=\"lazy\" decoding=\"async\" width=\"88\" height=\"31\" src=\"https:\/\/sementedossonhos.org\/wp\/wp-content\/uploads\/2018\/10\/selo-creative-commons.jpeg\" alt=\"\" class=\"wp-image-260\"\/><\/figure><p class=\"has-text-align-center\">Creative Commons Atribui\u00e7\u00e3o-N\u00e3oComercial-CompartilhaIgual 4.0 Internacional&nbsp;<br><\/p>","protected":false},"excerpt":{"rendered":"<p>Este dicion\u00e1rio \u00e9 uma cria\u00e7\u00e3o e constru\u00e7\u00e3o coletiva e colaborativa de textos curtos, com linguagem simples, observando tamb\u00e9m o rigor acad\u00eamico. Os verbetes, no momento, t\u00eam uma centralidade expressa no Bem Viver, ou em uma busca de refer\u00eancias \u00e9ticas, envolvendo a solidariedade, o cuidado, a sustentabilidade, a dignidade humana, entre outros temas que mant\u00eam \u00edntima &hellip;<\/p>\n<p class=\"read-more\"> <a class=\"\" href=\"https:\/\/sementedossonhos.org\/wp\/dicionario\/\"> <span class=\"screen-reader-text\">Dicion\u00e1rio: rumo \u00e0 civiliza\u00e7\u00e3o da religa\u00e7\u00e3o e ao bem-viver<\/span> Read More \u00bb<\/a><\/p>\n","protected":false},"author":1,"featured_media":0,"parent":0,"menu_order":0,"comment_status":"closed","ping_status":"closed","template":"","meta":{"_uag_custom_page_level_css":"","site-sidebar-layout":"right-sidebar","site-content-layout":"default","ast-site-content-layout":"","site-content-style":"default","site-sidebar-style":"default","ast-global-header-display":"","ast-banner-title-visibility":"","ast-main-header-display":"","ast-hfb-above-header-display":"","ast-hfb-below-header-display":"","ast-hfb-mobile-header-display":"","site-post-title":"","ast-breadcrumbs-content":"","ast-featured-img":"","footer-sml-layout":"","theme-transparent-header-meta":"default","adv-header-id-meta":"","stick-header-meta":"default","header-above-stick-meta":"","header-main-stick-meta":"","header-below-stick-meta":"","astra-migrate-meta-layouts":"","footnotes":""},"class_list":["post-87","page","type-page","status-publish","hentry"],"uagb_featured_image_src":{"full":false,"thumbnail":false,"medium":false,"medium_large":false,"large":false,"1536x1536":false,"2048x2048":false,"woocommerce_thumbnail":false,"woocommerce_single":false,"woocommerce_gallery_thumbnail":false},"uagb_author_info":{"display_name":"admin","author_link":"https:\/\/sementedossonhos.org\/wp\/author\/admin\/"},"uagb_comment_info":0,"uagb_excerpt":"Este dicion\u00e1rio \u00e9 uma cria\u00e7\u00e3o e constru\u00e7\u00e3o coletiva e colaborativa de textos curtos, com linguagem simples, observando tamb\u00e9m o rigor acad\u00eamico. Os verbetes, no momento, t\u00eam uma centralidade expressa no Bem Viver, ou em uma busca de refer\u00eancias \u00e9ticas, envolvendo a solidariedade, o cuidado, a sustentabilidade, a dignidade humana, entre outros temas que mant\u00eam \u00edntima&hellip;","_links":{"self":[{"href":"https:\/\/sementedossonhos.org\/wp\/wp-json\/wp\/v2\/pages\/87","targetHints":{"allow":["GET"]}}],"collection":[{"href":"https:\/\/sementedossonhos.org\/wp\/wp-json\/wp\/v2\/pages"}],"about":[{"href":"https:\/\/sementedossonhos.org\/wp\/wp-json\/wp\/v2\/types\/page"}],"author":[{"embeddable":true,"href":"https:\/\/sementedossonhos.org\/wp\/wp-json\/wp\/v2\/users\/1"}],"replies":[{"embeddable":true,"href":"https:\/\/sementedossonhos.org\/wp\/wp-json\/wp\/v2\/comments?post=87"}],"version-history":[{"count":20,"href":"https:\/\/sementedossonhos.org\/wp\/wp-json\/wp\/v2\/pages\/87\/revisions"}],"predecessor-version":[{"id":813,"href":"https:\/\/sementedossonhos.org\/wp\/wp-json\/wp\/v2\/pages\/87\/revisions\/813"}],"wp:attachment":[{"href":"https:\/\/sementedossonhos.org\/wp\/wp-json\/wp\/v2\/media?parent=87"}],"curies":[{"name":"wp","href":"https:\/\/api.w.org\/{rel}","templated":true}]}}

Dicionário: rumo à civilização da religação e ao bem-viver

<p>Este dicionário é uma criação e construção coletiva e colaborativa de textos curtos, com linguagem simples, observando também o rigor acadêmico. Os verbetes, no momento, têm uma centralidade expressa no<a href="https://sementedossonhos.org/wp/bem-viver/"> Bem Viver</a>, ou em uma busca de referências éticas, envolvendo a solidariedade, o cuidado, a sustentabilidade, a dignidade humana, entre outros temas que mantêm íntima relação com a reverência à vida em todas as suas manifestações.<br></p><figure class="wp-block-image alignleft size-medium"><img loading="lazy" decoding="async" width="224" height="300" src="https://sementedossonhos.org/wp/wp-content/uploads/2023/03/capa-dicionario-224x300.png" alt="Capa do Dicionário Rumo à Civilização da Religação e ao Bem-viver" class="wp-image-812" srcset="https://sementedossonhos.org/wp/wp-content/uploads/2023/03/capa-dicionario-224x300.png 224w, https://sementedossonhos.org/wp/wp-content/uploads/2023/03/capa-dicionario.png 480w" sizes="auto, (max-width: 224px) 100vw, 224px" /></figure><p><strong>Dicionário: rumo à civilização da religação e ao bem viver</strong><br><br><br><strong>Organizadores:</strong><br>Rosamaria de Medeiros Arnt e Paula Pereira Scherre<br><br>Editora: EdUECE<br><br><strong>Área:</strong><br>Educação e cultura<br><br><strong>ISBN:</strong><br>978-85-7826-802-2<br><br><strong>Download:</strong><a rel="noreferrer noopener" href="https://www.uece.br/eduece/wp-content/uploads/sites/88/2021/12/Dicion%C3%A1rio-rumo-%C3%A0-civiliza%C3%A7%C3%A3o-da-religa%C3%A7%C3%A3o-e-ao-bem-viver-Vers%C3%A3oFinal.pdf" target="_blank"><br>Clique aqui para fazer o download</a><br><br><strong>Sinopse: </strong>A obra inspira-se no “bem viver”, termo dos povos indígenas andinos que se refere a uma forma de viver que se cuide da vida, em todas as suas formas, e do ser humano em harmonia com a natureza. Também traz um convite ao diálogo intercultural e múltiplo, num contraponto ao sistema econômico capitalista que se mostrou também insustentável. A ideia de um dicionário surge da possibilidade de junção dinâmica, flexível e aberta das contribuições de diferentes pesquisadores, de diferentes especialidades e áreas de conhecimento. É um exercício de liberdade e de acolhimento aos múltiplos formatos de escrita, também respeitando a língua materna, e de criar e fazer parte de uma rede.</p><p>Informamos que o conteúdo do site, no geral, e do dicionário em específico, estão regidos sob a seguinte licença:</p><figure class="wp-block-image aligncenter"><img loading="lazy" decoding="async" width="88" height="31" src="https://sementedossonhos.org/wp/wp-content/uploads/2018/10/selo-creative-commons.jpeg" alt="" class="wp-image-260"/></figure><p class="has-text-align-center">Creative Commons Atribuição-NãoComercial-CompartilhaIgual 4.0 Internacional&nbsp;<br></p>

<p>Este dicionário é uma criação e construção coletiva e colaborativa de textos curtos, com linguagem simples, observando também o rigor acadêmico. Os verbetes, no momento, têm uma centralidade expressa no Bem Viver, ou em uma busca de referências éticas, envolvendo a solidariedade, o cuidado, a sustentabilidade, a dignidade humana, entre outros temas que mantêm íntima &hellip;</p>
<p class="read-more"> <a class="" href="https://sementedossonhos.org/wp/dicionario/"> <span class="screen-reader-text">Dicionário: rumo à civilização da religação e ao bem-viver</span> Read More »</a></p>

Este dicionário é uma criação e construção coletiva e colaborativa de textos curtos, com linguagem simples, observando também o rigor acadêmico. Os verbetes, no momento, têm uma centralidade expressa no Bem Viver, ou em uma busca de referências éticas, envolvendo a solidariedade, o cuidado, a sustentabilidade, a dignidade humana, entre outros temas que mantêm íntima&hellip;
